Is a a composite number?
False
Let l = -449 + 290. Is ((1392/(-9))/(-8))/((-2)/l) composite?
True
Let z = 13500 - -11513. Is z composite?
False
Let s(h) = -2*h - 15. Let b(u) = -3*u - 29. Let g(q) = -4*b(q) + 7*s(q). Let d be g(4). Suppose d*a = 4*x - 2472 - 1595, a = x - 1016. Is x prime?
True
Suppose 0 = -2*s - 4*h + 68226, -2*s + 5*h = -15934 - 52283. Let q = s + -21156. Is q prime?
False
Let u = 7763 + 43997. Suppose -8*j + u = -86296. Is j prime?
True
Let c = -41013 - -68896. Is c a composite number?
False
Suppose -2*q = -3*q - 2*l - 66, -q - l = 63. Let d be (-20)/q - 16/(-6). Suppose 0 = 2*w - d*p - 2161, -p = -2*w + p + 2160. Is w a prime number?
False
Is (9839134/(-553))/((-6)/21) a prime number?
True
Let a(c) = 8 + 2*c**2 + 6*c + c**3 - 5*c**3 + 3*c**3. Let u be a(4). Suppose -3*y + 6 = u, 0*g + 2*g - 2*y = 378. Is g a prime number?
True
Is -3*(110/(-15) + 8) - -19939 a composite number?
False
Is (-2)/(-1)*((-21641375)/(-10))/25 a prime number?
False
Let i be (1055070/42 - -13) + (-2)/(-7). Let t = i - 11271. Is t prime?
False
Let f = -13171 - -23882. Suppose 11*n = 10*n + f. Is n a prime number?
True
Suppose 4*c - 3*r = 1550569, -5163*c = -5160*c + 3*r - 1162932. Is c a composite number?
True
Let r = -232637 - -606015. Is r a prime number?
False
Suppose 6*f - 2*p - 8 = 0, 5*p - 8*p - 12 = -f. Suppose 15*n + 395359 - 1799074 = f. Is n a prime number?
True
Let d(f) = -125*f**2 + 9*f - 21. Let t be d(3). Let a = 4016 + t. Is a a prime number?
True
Let l = -552 - -319. Let d = l - -360. Is d*-2*(-1 + 4 + -4) a prime number?
False
Let a be (-802)/8 - 1/(-4). Let d be (7 - 1)*4 - (-2 - 1). Let g = d - a. Is g prime?
True
Let z(w) = w**3 - 14*w**2 + 19*w + 29. Suppose 292 = -4*h + 2*c - 0*c, 74 = -h + c. Let m = 89 + h. Is z(m) a prime number?
False
Let i(j) = j + 271 + 19*j - 286. Suppose g = 11*g - 160. Is i(g) a composite number?
True
Suppose 0 = -5*b - 21 + 26. Let u be 170 + b + 3 + -2. Suppose 65 = 3*v - u. Is v a prime number?
True
Suppose -3*r + 5*c = -37823, -11*r - 25228 = -13*r - 3*c. Is r prime?
True
Is (1 - 3)/(35/(-998795)) a prime number?
False
Suppose 10*f = 4*f - 32952. Let p = f - -10789. Is p prime?
True
Let w = -46356 + 32473. Let z = 19566 + w. Is z a prime number?
True
Is ((13017873/(-9))/(-11))/(11/33) composite?
False
Let v = -2995 + 117108. Is v a composite number?
False
Suppose -2275*b - 414316 = -2303*b. Is b a prime number?
True
Let r(c) = 3*c**3 + 9*c**2 - 15*c - 55. Let m be r(-9). Let w = 521 - 1144. Let x = w - m. Is x a prime number?
False
Suppose 4*t - 3*z - 399448 = -0*t, 3*z = -12. Is t prime?
True
Let p(q) = 6*q**2 - 7*q - 6. Let u be p(4). Let v = -54 + u. Suppose v*l - 957 = 5*l. Is l composite?
True
Let r = 3793 + -2358. Let c = r + 124. Is c prime?
True
Let g(p) = -29*p**3 + 7*p**2 - 13*p - 100. Let m be g(-8). Is -4 + (m/70 - (-3)/7) prime?
False
Suppose -874*z - 1647801 = -883*z. Is z composite?
False
Let d = -85 - -65. Let t = d - -12. Is (3076/t)/((-3)/6) a prime number?
True
Suppose -12 = -4*z, 671*z + 12983038 = 4*j + 669*z. Is j composite?
False
Let p(w) = 39832*w - 209. Is p(3) a composite number?
True
Suppose -2*l + 607 = 5*r, 1531 = 5*l - 2*r + r. Suppose 0 = -l*u + 300*u + 120354. Is u composite?
True
Is ((-81806)/(-6))/((-597)/(-19701)) prime?
False
Suppose 2*a - 72525 = -3*t, 0*t + a = 3*t - 72525. Suppose 3 = 3*h, 3*w - 3*h = -7*h + t. Is w prime?
False
Let u(m) = 3*m + 11. Suppose -16 = 5*g - 1. Let f be u(g). Is (1889 - f) + 2*1 prime?
True
Suppose 6*v - 7*v = -15*v. Is (278777/(-29))/(v - 1) a composite number?
False
Let y be (2 + -4 + (-16)/(-6))*-12. Is (-3 - y) + 1 - -2716 a composite number?
True
Let d(f) = -19043*f + 836. Is d(-21) a composite number?
False
Suppose y + 4*q = 3028, 2*y = q + 2*q + 6012. Let t = 5565 - y. Let p = t - 220. Is p composite?
False
Let l(n) = -387*n. Let p(u) = -387*u - 1. Let v(d) = 3*l(d) - 4*p(d). Is v(39) prime?
False
Let q = 87 + -87. Suppose 3*n + v = -508, q = -8*n + 3*n - 4*v - 842. Let j = n + 361. Is j a prime number?
True
Let c(x) = 45*x**2 + 4*x - 192. Is c(-59) composite?
False
Let j be 4*(565/(-140) + (-2)/(-7)). Is (4113/6)/(j/(-20)) prime?
False
Let r(b) = 45*b**2 - 2*b + 7. Let j(z) = 46*z**2 - 2*z + 8. Let n(p) = -6*j(p) + 7*r(p). Let w be n(2). Suppose 5*y - 277 - w = 0. Is y composite?
True
Let g(n) be the third derivative of -1/6*n**4 + 122/15*n**5 + 0*n + 0 + 1/6*n**3 - 20*n**2. Is g(-2) a composite number?
True
Suppose 5*t - 2774775 = 5*f, 5*t + 16*f = 20*f + 2774771. Is t a prime number?
True
Let o = -19935 - -67870. Is o a prime number?
False
Let z(i) = 77*i**3 - 2*i**2 + 16*i - 116. Is z(7) a prime number?
True
Suppose 5*r - 13776 = -2*p, 5*r - 3*r - 5496 = 4*p. Suppose -c + 4*c = 3*a + 2067, -5*a - r = -4*c. Is c a composite number?
False
Suppose 41*h - 38*h = -17703. Let i = -2360 - h. Is i prime?
True
Is 1524913/11 - ((-364)/22 + 16) prime?
True
Suppose 10*v - 1 = 29. Suppose y - p = 95048, p + 124776 = -v*y + 409908. Is y prime?
False
Suppose 0 = -2*x - 4, -5*l - x + 1941 = x. Let g = 193 - l. Is (29/(-4))/(4 - g/(-48)) a composite number?
True
Suppose 2*i - 5*r + 12 = 33, -3*i + 4*r = -21. Suppose 0 = -3*x + i*h - 4*h + 4084, x = 3*h + 1358. Is x composite?
False
Let m = -93666 - -147697. Is m a composite number?
True
Let t(z) = 2*z**3 - 14*z**2 + z + 3. Let u be t(7). Is 2/u - (-734880)/100 a prime number?
True
Let r(b) = 9*b**2 - 8*b - 10. Suppose -5*h + 3*i - 10 = -2, h + 4*i + 20 = 0. Is r(h) composite?
True
Suppose 3*s - 2*s - 92 = 0. Let d(y) = -113*y + 656. Let o be d(-3). Let w = s + o. Is w prime?
True
Let j be 3/2*(-36)/(-9). Suppose 0 = j*f - 3*f - 732. Suppose f = -3*i + 3271. Is i a composite number?
False
Let n(s) = s**3 - s**2 + 3*s - 17787. Let k be n(0). Let z = k - -33500. Is z a prime number?
False
Suppose -40*d + 100900 = -30*d. Suppose w = 11*w - d. Is w a composite number?
False
Suppose 2*u + 2*y - 74 = 0, -8*y - 148 = -4*u - 9*y. Suppose 2*z + u*c - 12212 = 39*c, -4*c = 2*z - 12230. Is z a prime number?
False
Suppose 3*t - 157845 = -5*r, -69888 = -2*r - 5*t - 6769. Let h = 44915 - r. Is h prime?
False
Let t be (-15)/3 - (-134 + 10). Suppose 107*k = t*k - 220260. Is k a composite number?
True
Suppose -5*j - 772332 = -93*j + 1528076. Is j a prime number?
True
Let n = 28 - 23. Suppose n*t - 2*c - 1299 = 0, 4*t + 3*c - 662 = 391. Let m = t - -50. Is m prime?
True
Let o(k) = k**3 + 18*k**2 + 3. Let c be o(-18). Suppose 0 = c*z + 5159 - 19043. Suppose 14*j - z = 10*j. Is j composite?
True
Suppose 3*r + 111*a = 106*a + 1197049, 399007 = r + 4*a. Is r a prime number?
True
Suppose 5*u = -2*n + 755103, -6 + 11 = -5*n. Is u a prime number?
False
Suppose -8*w + 6*w - 1934630 = -12*w. Is w a composite number?
False
Let b(h) be the third derivative of 11/6*h**3 + 0 + 0*h + 1/3*h**4 + 2/15*h**5 - 7*h**2. Is b(-6) a prime number?
True
Let m = 13325 + -7402. Is m a composite number?
False
Let f(t) = -796*t - 1665. Is f(-104) composite?
False
Let q = 24396 - -35782. Is q composite?
True
Let x be -4 - 5/(5/928). Let p = -555 + x. Let v = 2206 + p. Is v a prime number?
True
Let x be 1/((0 + -2)/26). Let r(b) = -120*b + 103. Is r(x) composite?
False
Let q(u) = 2*u**2 - 2*u + 45*u**3 - 1 - 5*u**3 - 9*u**3. Suppose 12*t - 20 = 4. Is q(t) a composite number?
False
Let q(l) = 116*l**2 - 56*l - 33. Is q(17) a composite number?
True
Let c be (-100)/(-350) - (-1 + 35733/(-7)). Suppose 3*j + 552 = 2*i - 1999, -2*j = -4*i + c. Is i a prime number?
True
Let n(d) = d**3 - 3*d**2 + 11*d - 7. Let g be n(12). Let u = g - -13968. Is u a composite number?
True
Let o(j) = -2*j**2 - 7*j + 7. Let g be o(-4). Is g/(-2)*(-793156)/78 a composite number?
True
Suppose 0 = -7*p + 19*p - 12. Let x(m) = 981*m**3 - 2*m**2 - 4*m + 4. Is x(p) prime?
False
Let n = 182 - 185. Let c(f) be the second derivative of 33*f**4/4 - f**3/6 - 7*f**2/2 - 2*f. Is c(n) prime?
True
Let u be (-1 - 0) + -1*(-6)/(-2). Is u/(-8)*(6124 - 2) prime?
True
Let a(d) = 5*d - 5 - d + 348*d**3 + 0*d + 14*d**3. Is a(2) composite?
True
Is (910/52 - 18)*(-821796 + -2) composite?
False
Let h be 9932/(-10) + 28/(-35). Let b = 3969 - h. Is b prime?
False
Let u(v) = -67*v + 37. Let w(n) = -4*n - 38. Let q be w(-7). Is u(q) a prime number?
False
Suppose -51247 = -4*j + 5*g, -3*j 